ulate the greatest common factor of 878 and f.
2
Suppose 197*n = 264*n - 363140. What is the greatest common divisor of n and 60?
20
Let l be -1*3/(-9)*0. Let o = 91 + -85. Suppose l = 3*n - 3*c - 27, -n + 0*c + 2*c + o = 0. What is the greatest common divisor of n and 24?
12
Suppose 397 = w - 357. Suppose 0 = -96*i + 10*i + 1488 + 748. Calculate the greatest common divisor of w and i.
26
Suppose -5*d + 2702 + 1798 = 0. Suppose 14*h - d = 9*h. What is the highest common factor of h and 20?
20
Suppose 2*r - r - 7*r = 0. Suppose r = -f - 3 + 7. Suppose 0 = f*x + 5 - 21. Calculate the highest common factor of x and 1.
1
Suppose -d = 3*r + d, d = 3*r. Suppose r = -28*b + 12899 + 4657. Calculate the highest common factor of 57 and b.
57
Let x be 790/8 - (-5)/20. Let g = -1 - -100. Suppose -11*q + 2*q = -g. What is the greatest common factor of x and q?
11
Suppose -56768 - 266960 = -30*g + 211412. Calculate the highest common factor of g and 18.
18
Let k be (-50)/(-24) - (-1)/(-12). Let p be (-24)/18 - k/(-6) - -625. What is the highest common factor of p and 78?
78
Suppose -3*s - s - j = -15267, 5*s + 4*j = 19070. Calculate the highest common divisor of 46 and s.
46
Let g be (-13409600)/(-3016) - 2/13. What is the highest common factor of 234 and g?
234
Suppose 5*r - 7140 = 3*o, 37*r + 3*o = 38*r - 1428. Calculate the highest common divisor of r and 336.
84
Suppose 0 = n - 5*u - 187, 3*u - 8*u + 965 = 5*n. Suppose -5*f + n - 22 = 0. Calculate the greatest common divisor of f and 187.
17
Let g be (6/18)/(2/(-762)). Let j = -128 - g. Let n be (-2*j/(-3))/(14/(-441)). Calculate the greatest common divisor of n and 3.
3
Let q be (-1*(-2)/(-2))/(10/(-280)). Calculate the greatest common divisor of 1442 and q.
14
Suppose 405 = 7*d + w, -3*d + 4*w = 6*w - 172. What is the greatest common divisor of 10063 and d?
29
Let i(s) = 17*s**2 - 4*s - 3. Let d be i(6). Suppose -3265*u + 3842*u = 37505. Calculate the highest common factor of u and d.
65
Let g(v) = 2*v - 11. Let x(w) = 11*w**2 - w + 2. Suppose 3*n = -n + 4. Let q be x(n). Let l be g(q). What is the greatest common factor of 13 and l?
13
Let g be (-841)/(-8) - 22/528*3. Let o(t) = -2*t**3 + 3*t**2 + 2*t. Let v be o(-3). Calculate the greatest common factor of g and v.
15
Let d = -20 - -740. Suppose -3*o + t + 60 = 2*t, -3*t = 4*o - 80. Calculate the greatest common factor of d and o.
20
Let i(j) = 118*j**2 - 112*j + 450. Let u be i(4). Calculate the highest common divisor of 90 and u.
90
Suppose -5*f = -d + 35, -d = -3*d - 4*f. Suppose 8*c - 6 = 6*c + 2*p, -d = -2*p. Calculate the greatest common factor of 92 and c.
4
Let z be (-18)/27 - (-602)/3. Suppose -43*s + 3*i + 1024 = -39*s, 782 = 3*s - 4*i. What is the greatest common divisor of z and s?
50
Let c = 4068 + 2345. Calculate the greatest common factor of c and 53.
53
Let a = -499 + 708. Calculate the greatest common factor of a and 176.
11
Suppose 46 = -k + 2*k. Let r = k - 0. Let i be -4 + ((-30)/(-5) + -5 - -26). What is the greatest common factor of i and r?
23
Let x be -42*(5 - (-195)/(-21)). Let t be 45/x - 718/(-8). Calculate the highest common factor of 30 and t.
30
Let h = 6846 + -6702. What is the greatest common factor of h and 2952?
72
Let m(h) = -3*h**2 + 63*h - 4. Let b be m(12). Suppose -40 = 225*f - 227*f. Calculate the greatest common divisor of f and b.
20
Let m = -241 + 399. Suppose 4*l - q - 311 = -6*q, m = 2*l + 2*q. Calculate the greatest common factor of l and 210.
42
Let u(i) = -i**2 + 10*i + 4. Suppose 0 = -286*h + 278*h + 72. Let c be u(h). Calculate the highest common factor of c and 117.
13
Let d = -48 - -59. Let x = -25 - -36. Calculate the highest common factor of d and x.
11
Let c = -1 - -96. Suppose -3*y = -119 + c. What is the greatest common divisor of 192 and y?
8
Let b(u) be the first derivative of -u**3/3 + 6*u**2 + 113*u - 292. Let s be b(18). Calculate the greatest common factor of s and 105.
5
Let a = 260 + -161. Let j be 1964/(-12)*-1 - 380/(-285). What is the greatest common factor of a and j?
33
Let u be -1*(-62)/2 - 0/(-22). Let a(c) = -4*c + 127. Let m be a(u). What is the highest common factor of m and 12?
3
Let b be (-2)/6*(-60 - (1 + 5)). Calculate the greatest common factor of 3674 and b.
22
Let y = 8326 + -7156. What is the greatest common factor of 126 and y?
18
Suppose 282 - 1852 = 10*n. Let x = n + 255. Calculate the greatest common factor of 147 and x.
49
Let i(y) = 54*y + 2. Let s be i(5). Let o = 273 + -257. Calculate the highest common divisor of o and s.
16
Suppose -106*d + 12793 = -54729. What is the highest common factor of d and 21?
7
Suppose -4*t + 19 = k, -4*k + 0*t = 3*t - 115. Suppose -120*m + 113*m - 2335 = -4*a, -2353 = -4*a + m. Calculate the highest common divisor of a and k.
31
Let m be 388 - (2 - (-5)/((-5)/4)). Suppose -200 = -10*v + m. What is the greatest common divisor of v and 413?
59
Suppose 0 = -3*s + 15*a - 11*a - 13, s - 2*a + 7 = 0. What is the highest common factor of s and 154?
1
Let y be (-10)/(-3)*(-119310)/(-164). Calculate the highest common divisor of y and 97.
97
Let y be 0/(6/(-9)*-3). Suppose j = -2*u - y*j + 76, 4*u - 3*j = 162. What is the highest common divisor of u and 351?
39
Suppose -3*w + 2*j = -19, 5*w = -j - 0*j + 23. Suppose -t + 24*z + 32 = 28*z, w*t - 5*z - 260 = 0. Calculate the highest common factor of t and 12.
12
Suppose -49*g + 9856 + 19985 = 0. Calculate the highest common factor of 145 and g.
29
Let u = 2883 + -2787. Calculate the highest common factor of 150 and u.
6
Let k = 10305 + -8965. What is the highest common divisor of 60 and k?
20
Let k be 2380/25 - 4/(-20) - (-40)/(-100). What is the greatest common divisor of 2869 and k?
19
Suppose 5*c = c + 540. Suppose 0 = -7*q + 38 + 60. Let j = q + 1. Calculate the highest common factor of c and j.
15
Let k be ((-14)/(-21))/((-1)/(-60)). Let t be -2 + k/220 + 6356/11. Calculate the highest common factor of 18 and t.
18
Suppose -133 = -7*a + 63. Suppose -k = 6*k - a. Suppose -4*m - 54 = -6*m + 2*x, -2*x = k*m - 108. Calculate the greatest common divisor of m and 108.
27
Let n be (3 - 0)*(-15)/(-9). Suppose -4*f + 218 = 5*g - 37, 2*g - f = 102. Let y = g + n. What is the highest common factor of y and 8?
8
Suppose 28 = n - 3*u, 16 = n - u - 18. Let w(v) = -3*v - 23. Let q be w(17). Let m be q/((-3)/4*2/3). What is the greatest common factor of m and n?
37
Let p = 0 - -3. Suppose 34*n - 1 = 33*n. What is the greatest common factor of n and p?
1
Suppose 4*z + 10 = 2. Let j(k) = 360*k + 6475. Let a be j(-18). Let q be (5/z)/((-1)/(a - -7)). What is the greatest common divisor of q and 65?
5
Let r = 13 + 93. Let f = -58 + r. What is the highest common factor of 96 and f?
48
Suppose a + r + 2*r + 2 = 0, -6 = -3*a - 3*r. Suppose -8*l + a*l - 22 = -b, 2*l = 0. Calculate the greatest common factor of 286 and b.
22
Suppose -8*u - 19*u + 17461 + 19907 = 0. What is the greatest common divisor of 865 and u?
173
Let p(x) = -9 + 5 - 15 + 3*x - 4. Let z be p(5). Let b be ((-24)/(-5))/(z/(-520)). What is the greatest common factor of b and 39?
39
Let j be ((-336)/(-15) - 0)/(2/5). Suppose -7*i + 160 = -288. What is the highest common divisor of i and j?
8
Suppose 24*v - 3006 - 2922 = 0. Let j = 437 - v. Let f(i) = i**3 - i**2 + i + 76. Let s be f(0). Calculate the highest common factor of s and j.
38
Let h = -114668 - -114698. Let k be (-2)/(-7) - (-3356)/14. What is the highest common divisor of h and k?
30
Suppose -71*u = -77*u + 2424. Let t = u - 329. Calculate the highest common factor of 60 and t.
15
Let d = 15166 + -15161. Suppose 3*h = 2*k + 2*k + 372, 5*k + 466 = 4*h. Let c be 2*(-2)/8*k. Calculate the highest common divisor of d and c.
5
Suppose 0 = q + 39 - 222. Suppose -2*x + 0*x + 164 = -4*k, 0 = -5*k - 3*x - q. Let u = 61 + k. What is the highest common divisor of 22 and u?
22
Let c be 25/(-1*(4 + -5)). Suppose 3*i - 7 + 4 = 0. Let l be -5 + i - -7 - (-96 + -1). What is the greatest common factor of c and l?
25
Let m be 18/2*946/387. Let n(t) = -t**2 + 11*t + 5. Let v be n(7). What is the highest common divisor of v and m?
11
Let h be 304/(-285)*-69 - 17 - (-2)/5. What is the highest common factor of h and 2432?
19
Let g = 29 + -9. Let c be (-1544)/24*(-1 + 13)/(-2). Suppose -329 = -5*j + 3*